its digit of 3663292?
2
What is the millions digit of 21548918?
1
What is the millions digit of 1977850?
1
What is the hundred thousands digit of 626470?
6
What is the hundreds digit of 15533432?
4
What is the millions digit of 2381826?
2
What is the tens digit of 1736701?
0
What is the ten thousands digit of 15845678?
4
What is the hundred thousands digit of 828358?
8
What is the thousands digit of 796501?
6
What is the tens digit of 4165007?
0
What is the ten thousands digit of 2417958?
1
What is the units digit of 37763?
3
What is the ten thousands digit of 1786424?
8
What is the thousands digit of 23341340?
1
What is the hundreds digit of 49861?
8
What is the ten millions digit of 17936525?
1
What is the ten millions digit of 21944355?
2
What is the thousands digit of 11421108?
1
What is the hundred thousands digit of 444453?
4
What is the hundreds digit of 358219?
2
What is the ten thousands digit of 134212?
3
What is the tens digit of 1881027?
2
What is the units digit of 47635?
5
What is the ten thousands digit of 926902?
2
What is the hundreds digit of 1717444?
4
What is the thousands digit of 1993458?
3
What is the hundreds digit of 422157?
1
What is the ten thousands digit of 48736?
4
What is the thousands digit of 9456883?
6
What is the thousands digit of 658106?
8
What is the ten thousands digit of 12721552?
2
What is the hundreds digit of 1824866?
8
What is the hundred thousands digit of 947216?
9
What is the hundred thousands digit of 22932298?
9
What is the hundred thousands digit of 192265?
1
What is the hundred thousands digit of 222038?
2
What is the tens digit of 4812614?
1
What is the hundreds digit of 5671586?
5
What is the hundred thousands digit of 365827?
3
What is the units digit of 374476?
6
What is the thousands digit of 56143?
6
What is the hundreds digit of 6068911?
9
What is the tens digit of 689400?
0
What is the units digit of 15944?
4
What is the hundreds digit of 2749148?
1
What is the units digit of 75698?
8
What is the thousands digit of 219488?
9
What is the ten thousands digit of 6432694?
3
What is the ten thousands digit of 2432631?
3
What is the units digit of 87211?
1
What is the tens digit of 7888915?
1
What is the hundreds digit of 193415?
4
What is the ten thousands digit of 210481?
1
What is the hundred thousands digit of 2853796?
8
What is the hundred thousands digit of 13420373?
4
What is the tens digit of 695439?
3
What is the hundreds digit of 5873958?
9
What is the hundred thousands digit of 301273?
3
What is the ten thousands digit of 66842?
6
What is the thousands digit of 104695?
4
What is the thousands digit of 3742714?
2
What is the units digit of 389574?
4
What is the hundreds digit of 119387?
3
What is the ten thousands digit of 2180733?
8
What is the units digit of 25861?
1
What is the tens digit of 3780165?
6
What is the thousands digit of 3007048?
7
What is the millions digit of 8156765?
8
What is the millions digit of 2324252?
2
What is the hundred thousands digit of 129732?
1
What is the hundreds digit of 120630?
6
What is the units digit of 11030495?
5
What is the hundred thousands digit of 202394?
2
What is the ten thousands digit of 1355812?
5
What is the ten thousands digit of 873563?
7
What is the ten thousands digit of 135444?
3
What is the millions digit of 4654620?
4
What is the ten thousands digit of 8220951?
2
What is the tens digit of 4601358?
5
What is the units digit of 8782?
2
What is the hundred thousands digit of 768569?
7
What is the tens digit of 137522?
2
What is the units digit of 1785637?
7
What is the units digit of 679808?
8
What is the hundreds digit of 69110?
1
What is the tens digit of 442303?
0
What is the tens digit of 1946979?
7
What is the hundreds digit of 1548973?
9
What is the hundreds digit of 472954?
9
What is the tens digit of 244851?
5
What is the hundred thousands digit of 1982966?
9
What is the units digit of 7272509?
9
What is the ten thousands digit of 198775?
9
What is the units digit of 18502?
2
What is the units digit of 1607911?
1
What is the hundred thousands digit of 348500?
3
What is the hundred thousands digit of 1413626?
4
What is the tens digit of 463024?
2
What is the hundred thousands digit of 524886?
5
What is the thousands digit of 1306430?
6
What is the units digit of 544647?
7
What is the ten thousands digit of 632155?
3
What is the thousands digit of 344733?
4
What is the hundreds digit of 13060353?
3
What is the hundreds digit of 6934821?
8
What is the thousands digit of 17870316?
0
What is the ten thousands digit of 537544?
3
What is the hundred thousands digit of 18374160?
3
What is the hundred thousands digit of 1471415?
4
What is the tens digit of 8936733?
3
What is the tens digit of 648136?
3
What is the units digit of 166058?
8
What is the ten thousands digit of 134461?
3
What is the tens digit of 3573826?
2
What is the thousands digit of 633684?
3
What is the units digit of 1565886?
6
What is the hundreds digit of 15391?
3
What is the units digit of 356459?
9
What is the ten millions digit of 18108476?
1
What is the ten thousands digit of 3121191?
2
What is the millions digit of 13886293?
3
What is the units digit of 365064?
4
What is the millions digit of 1631327?
1
What is the units digit of 36540?
0
What is the hundred thousands digit of 1557833?
5
What is the hundreds digit of 365043?
0
What is the ten thousands digit of 524361?
2
What is the hundred thousands digit of 1916708?
9
What is the ten thousands digit of 1834229?
3
What is the tens digit of 4515046?
4
What is the thousands digit of 444146?
4
What is the hundreds digit of 34047078?
0
What is the tens digit of 9314136?
3
What is the ten thousands digit of 20128961?
2
What is the ten thousands digit of 7113098?
1
What is the tens digit of 23351734?
3
What is the hundred thousands digit of 4799071?
7
What is the millions digit of 23123514?
3
What is the hundreds digit of 2249097?
0
What is the thousands digit of 2108133?
8
What is the ten millions digit of 16938574?
1
What is the units digit of 925212?
2
What is the units digit of 1175548?
8
What is the millions digit of 2530538?
2
What is the units digit of 99954?
4
What is the units digit of 159474?
4
What is the ten thousands digit of 182317?
8
What is the thousands digit of 366699?
6
What is the thousands digit of 699207?
9
What is the hundreds digit of 1030706?
7
What is the units digit of 685550?
0
What is the thousands digit of 82121?
2
What is the units digit of 2193107?
7
What is the tens digit of 14116985?
8
What is the millions digit of 1029851?
1
What is the units digit of 178164?
4
What is the thousands digit of 1009143?
9
What is the hundreds digit of 124285?
2
What is the thousands digit of 2034077?
4
What is the millions digit of 1130302?
1
What is the hundred thousands digit of 3631687?
6
What is the tens digit of 478568?
6
What is the tens digit of 1556278?
7
What is the hundred thousands digit of 430287?
4
What is the hundred thousands digit of 200424?
2
What is the ten thousands digit of 3061353?
6
What is the hundred thousands digit of 7170633?
1
What is the millions digit of 3011852?
3
What is the hundreds digit of 811580?
5
What is the millions digit of 4312475?
4
What is the ten thousands digit of 3126196?
2
What is the ten thousands digit of 5049044?
4
What is the hundred thousands digit of 128302?
1
What is the units digit of 701883?
3
What is the tens digit of 18021984?
8
What is the millions digit of 5939479?
5
What is the hundreds digit of 2648767?
7
What is the millions digit of 13761398?
3
What is the hundred thousands digit of 344446?
3
What is the hundred thousands digit of 160971?
1
What is the thousands digit of 85813?
5
What is the units digit of 3716731?
1
What is the millions digit of 5520806?
5
What is the thousands digit of 627694?
7
What is the hundreds digit of 5268097?
0
What is the thousands digit of 4795740?
5
What is the ten thousands digit of 592714?
9
What is the thousands digit of 941022?
1
What is the ten thousands digit of 907055?
0
What is the thousands digit of 2683103?
3
What is the units digit of 309901?
1
What is the thousands digit of 45664?
5
What is the hundreds digit of 70764?
7
What is the ten thousands digit of 2205114?
0
What is the hundreds